e (13/(-5))/(4/(-20)). What is the greatest common divisor of 52 and o?
13
Let c = 116 + -95. What is the greatest common divisor of 105 and c?
21
Let g = 15 - -10. Suppose 4*x - 18 = -j, -5*j + 2*x + 40 = -3*x. What is the greatest common divisor of j and g?
5
Let u be (-6)/21 - (-44)/7. What is the greatest common divisor of 1 and u?
1
Suppose -3*y - 147 = -411. Let a = y - 53. Calculate the highest common divisor of 7 and a.
7
Suppose -5*v = -v - 352. What is the highest common divisor of v and 8?
8
Let u = 7 - 3. Let s(l) = 4*l + 8. Suppose 0 = -0*w + w - 7. Let g be s(w). Calculate the highest common divisor of g and u.
4
Let s(i) = i**2 - 1. Suppose -5*c = -l + 1, 3*l + 2*l - 33 = -3*c. Let a = l - 2. Let t be s(a). Calculate the highest common factor of t and 5.
5
Let g(n) = n**2 - 2*n + 4. Let d be g(0). Calculate the highest common factor of 6 and d.
2
Suppose 840 = 4*h + l, 4*h + 0*l - 3*l = 856. Suppose 3*g + 4*v - h = 0, -3*g - g + 313 = -v. Calculate the highest common factor of 7 and g.
7
Let d(v) be the second derivative of -v**3/3 - 4*v**2 - 2*v. Let l be d(-5). What is the greatest common divisor of 2 and l?
2
Let h(m) = 2*m**3 - m**2 + 2*m - 2. Let c be h(2). Let s = -9 + c. Suppose -141 = -4*f - 3*z, -2*z + s = -7*z. What is the greatest common factor of f and 24?
12
Suppose 0 = 2*k - 6*k + 40. Let q be 4/22 - 328/(-11). Calculate the greatest common divisor of q and k.
10
Let w = 198 - 88. What is the highest common divisor of w and 11?
11
Suppose -951 = -3*z - 3*h, -5*h = -2*z + 6*z - 1265. Let i = z + -67. What is the highest common factor of i and 23?
23
Let l be (-1*1)/(13/(-26)). What is the highest common factor of 22 and l?
2
Let j be -8*(-1 + -3 + -4). Suppose -3*p - 4 = -j. What is the highest common divisor of p and 60?
20
Suppose f + 0*j - 3*j - 11 = 0, -4*f - 5*j + 61 = 0. Calculate the highest common factor of f and 1.
1
Suppose 3*k + k = -12. Let p be k/18*-3*40. Let u = -88 - -138. Calculate the greatest common divisor of u and p.
10
Let s be (32/(-10))/((-2)/20). Let d(p) = p**2 + 2*p + 1. Let l be d(-5). Calculate the highest common factor of l and s.
16
Let w(j) = -j**3 + 4*j**2 + 3*j - 4. Let f(t) = t - 8. Let n be f(4). Let l be w(n). Suppose -42 = 2*x - 5*x. Calculate the greatest common divisor of l and x.
14
Let l = 15 + -9. Let j be (5 - 14)/(l/28). Let t be j*(-3)/(-12)*-2. What is the greatest common divisor of t and 3?
3
Let v be (-4)/2 - -136 - -1*2. Calculate the greatest common factor of 17 and v.
17
Suppose -10*v = -6*v - 144. Calculate the greatest common divisor of 12 and v.
12
Suppose 4*y - 61 = -9. What is the greatest common factor of y and 26?
13
Let a(y) = y**3 + 5*y**2 + 2*y - 2. Let w be a(-4). Suppose -45 = 5*f - 285. Calculate the greatest common factor of f and w.
6
Let y(l) = -5*l + 4*l - 2 - l. Let h be y(9). Let o = h + 45. Calculate the highest common factor of 5 and o.
5
Let i(w) = w + 25. Let z be i(-14). Let y = 33 - z. Calculate the highest common factor of y and 33.
11
Let t be 1/1*(0 - -104). Calculate the greatest common divisor of t and 13.
13
Suppose -2*z + 8 = -p - 3*p, p - 2*z + 8 = 0. Suppose n + 2*n - 3 = p. Let f be (2/(-3))/(n/(-63)). Calculate the highest common divisor of f and 21.
21
Suppose 4*p - 5*x = -0*p, 3*p + 4*x - 31 = 0. Suppose 7*g - 912 = 1426. Suppose p*q = g - 94. Calculate the highest common factor of q and 12.
12
Let f be (12/(-10))/(2/10). Let p = 8 + f. What is the highest common divisor of p and 18?
2
Let r = 11 - 6. Suppose b = r*y - y + 12, -5*b = 2*y - 38. Let g = 6 + -4. Calculate the highest common factor of b and g.
2
Let h(a) = -a**3 - 12*a**2 - 11*a - 15. Let s be h(-11). Let y = s + 21. What is the highest common divisor of 30 and y?
6
Suppose 0 = -q + 2*q - 15. Let f be (5 - (-4)/4) + 4/(-1). Let w = q + f. Calculate the greatest common divisor of w and 187.
17
Let u = 10 - -8. Let i be 1 + 160 - -1 - 0. What is the greatest common divisor of i and u?
18
Let t be 2*4 - (0 + 2). Suppose 0*g + 3*g + 12 = 0. Let p be (-54)/g*t/3. Calculate the highest common divisor of p and 9.
9
Suppose 3*y = 4*y. Suppose m - 36 = -2*x - 2*x, y = -2*x + 6. Calculate the highest common factor of m and 6.
6
Suppose 3*a + 5*o = 138, -35 = a + 5*o - 91. Calculate the greatest common divisor of a and 369.
41
Suppose -f + 3*f + 144 = 0. Let t be (-92)/(-9) - (-16)/f. Calculate the highest common divisor of 10 and t.
10
Suppose 495 = 3*y + 3*s, 3*y - 5*s - 498 = -27. Let f(t) = -t**2 + 10*t - 7. Let v be f(5). What is the greatest common factor of y and v?
18
Suppose 0 = 2*f - 0*f - 38. Calculate the highest common divisor of 209 and f.
19
Let o = 1 + 3. Suppose t - 3 = 1. Suppose 0*p + k = o*p - 54, -t*p = -2*k - 56. What is the greatest common factor of 143 and p?
13
Let f(q) = q**2 - 5*q + 3. Let x be f(7). Suppose -b - 408 = -7*b. What is the highest common factor of x and b?
17
Suppose -5*j - 4*f + 85 = 0, 2*j + 57 = 6*j + f. What is the highest common divisor of j and 26?
13
Let n = -195 + 196. Suppose 15 = 5*j, -4*j + 6 = -4*o + 26. Calculate the highest common divisor of o and n.
1
Let o(k) = -19*k**3 + k**2 - 2*k - 6. Let q be o(-2). What is the greatest common factor of 14 and q?
14
Let v = 8 + 0. Suppose -q = -c - 6, 4*q - 3*c - 32 = -v. What is the highest common divisor of 24 and q?
6
Let s be (-52)/(-12) + (-1)/3. Suppose 5 = q - s*v, -4 = -q - 3*v - 6. Let z be 1*3*q/1. What is the greatest common factor of z and 33?
3
Let r = -102 - -105. What is the greatest common factor of 21 and r?
3
Suppose 4*z + 17 = 3*d - 8, -5*d + 2*z + 51 = 0. What is the highest common factor of d and 121?
11
Let k(p) = 3*p + 0*p**2 - 2 + 0*p + p**2. Let a be k(-4). What is the highest common factor of 1 and a?
1
Suppose 4*j - j = -42. Let c be 4/j + 44/7. Suppose u = 2*b + 4, u - 8 = -b + 8. What is the highest common factor of c and u?
6
Suppose -12 - 23 = -5*u. What is the highest common divisor of u and 49?
7
Let t(i) = -31*i - 12. Let j be t(-8). Let l = j - 124. Let d be ((-28)/10)/((-1)/5). Calculate the greatest common divisor of l and d.
14
Let g be (1*-1)/((-2)/12). Suppose -g = 4*u - 54. Calculate the highest common divisor of 12 and u.
12
Let k be 2/(-2) - (0 + -5). Let t(o) be the second derivative of -o**3/3 - 8*o. Let n be t(-10). Calculate the greatest common factor of n and k.
4
Let k be ((-2)/(-8))/(14/280). What is the highest common factor of 1 and k?
1
Let l be 24*-1*(-2)/4. Let n = 9 + l. Let k = n - -12. What is the highest common divisor of k and 3?
3
Suppose -9*x + 15*x - 12 = 0. Let g = -30 + 46. What is the greatest common divisor of x and g?
2
Let l(i) = i**2 + 10*i + 2. Let b be l(-10). Calculate the highest common factor of b and 8.
2
Let y = 0 + 4. Let p be (-2)/y + (-1)/(-2). Suppose p = -0*f - 5*f + 325. Calculate the highest common divisor of 26 and f.
13
Let p be 6/(-27) + (-94)/(-18). Suppose -p*o = -126 - 94. Let j(a) = a**3 + 4*a**2 - 6*a - 1. Let t be j(-5). What is the highest common divisor of t and o?
4
Suppose -4*w = -z - 4*z - 26, 5*w - 4*z - 28 = 0. Suppose 122 - 26 = w*v. What is the greatest common divisor of 24 and v?
24
Suppose 4*t + 4*q - 380 = -0*q, -202 = -2*t - 5*q. Suppose 3*b = b - 2*w + 18, -4*b + 4*w = -68. What is the greatest common divisor of t and b?
13
Let t be 42*(36/(-21))/(-2). Suppose -t = -6*s + 4*s. Calculate the highest common divisor of 126 and s.
18
Suppose -4*n + 150 = -270. Suppose 27 = 2*b - b - j, 4*b - j - 111 = 0. Let a = b + -13. What is the greatest common factor of a and n?
15
Let i = 2 - 0. Suppose r + 7 = i*r. Suppose j - x - 75 = 0, -3*j - x + 135 = -98. Calculate the greatest common divisor of j and r.
7
Let t = -56 - -154. Calculate the highest common factor of 14 and t.
14
Let d = 92 + -71. What is the greatest common factor of 84 and d?
21
Let s = 9 - -2. Suppose -1 = -2*a + 4*z + z, 0 = -4*a + z + s. Suppose -w + 11 = a*w - 3*t, t = -1. What is the greatest common divisor of 10 and w?
2
Let k(s) = s**3 - 2*s**2 - s - 3. Let b be k(3). Suppose 0 + 2 = -2*m - o, 0 = m - b*o - 13. Calculate the greatest common factor of 3 and m.
1
Let i = -2 + 26. Let g(y) = -y + 1. Let l(a) = a**2 - a - 5. Let x be l(0). Let h be g(x). Calculate the greatest common divisor of i and h.
6
Let c =